 14 divide 1497?
False
Is 15 a factor of 16980?
True
Is 17 a factor of 357?
True
Is 666 a multiple of 74?
True
Is 832 a multiple of 4?
True
Is 219 a factor of 24528?
True
Does 132 divide 5544?
True
Is 1728 a multiple of 12?
True
Is 59 a factor of 5015?
True
Is 33 a factor of 29370?
True
Is 2833 a multiple of 34?
False
Is 10220 a multiple of 28?
True
Is 15 a factor of 2792?
False
Does 6 divide 722?
False
Is 1673 a multiple of 9?
False
Is 736 a multiple of 3?
False
Is 2976 a multiple of 119?
False
Does 46 divide 25208?
True
Is 21870 a multiple of 135?
True
Does 108 divide 18792?
True
Is 23 a factor of 12328?
True
Does 60 divide 586?
False
Is 16 a factor of 1008?
True
Is 7 a factor of 2702?
True
Is 118 a factor of 7870?
False
Does 47 divide 2984?
False
Does 11 divide 710?
False
Is 74854 a multiple of 93?
False
Is 15 a factor of 930?
True
Is 243 a multiple of 9?
True
Is 84 a multiple of 10?
False
Is 40 a factor of 720?
True
Is 13 a factor of 455?
True
Is 125 a factor of 4360?
False
Is 15056 a multiple of 160?
False
Is 53 a factor of 2650?
True
Is 321 a multiple of 11?
False
Does 29 divide 493?
True
Does 15 divide 7995?
True
Does 17 divide 4930?
True
Is 4997 a multiple of 95?
False
Is 24116 a multiple of 28?
False
Is 15 a factor of 128?
False
Is 1938 a multiple of 34?
True
Does 136 divide 7894?
False
Is 19 a factor of 2261?
True
Is 2349 a multiple of 13?
False
Does 6 divide 13591?
False
Is 38592 a multiple of 54?
False
Does 52 divide 2643?
False
Does 28 divide 82490?
False
Is 19 a factor of 6435?
False
Is 393 a multiple of 8?
False
Does 3 divide 1155?
True
Is 215 a multiple of 8?
False
Is 13 a factor of 5421?
True
Is 53 a factor of 1545?
False
Is 24 a factor of 2882?
False
Is 3 a factor of 468?
True
Does 11 divide 154?
True
Does 5 divide 8795?
True
Does 17 divide 22678?
True
Is 2350 a multiple of 47?
True
Does 22 divide 109?
False
Does 10 divide 10150?
True
Is 6 a factor of 1050?
True
Does 14 divide 44016?
True
Is 8449 a multiple of 73?
False
Is 909 a multiple of 41?
False
Does 14 divide 3164?
True
Is 33 a factor of 401?
False
Is 5 a factor of 661?
False
Is 9 a factor of 333?
True
Is 42 a factor of 669?
False
Does 81 divide 4536?
True
Does 30 divide 60?
True
Does 2 divide 388?
True
Is 351 a multiple of 27?
True
Is 10993 a multiple of 90?
False
Is 81 a factor of 6966?
True
Is 5 a factor of 1437?
False
Does 8 divide 22648?
True
Does 13 divide 507?
True
Does 95 divide 570?
True
Does 11 divide 11009?
False
Is 36936 a multiple of 228?
True
Is 10813 a multiple of 25?
False
Is 900 a multiple of 90?
True
Is 5 a factor of 114?
False
Is 21505 a multiple of 253?
True
Is 15 a factor of 3016?
False
Is 163 a factor of 40424?
True
Is 16834 a multiple of 131?
False
Is 814 a multiple of 37?
True
Is 57 a factor of 810?
False
Is 34 a factor of 1221?
False
Is 25397 a multiple of 233?
True
Is 3 a factor of 127?
False
Does 12 divide 3990?
False
Is 46280 a multiple of 114?
False
Does 3 divide 1088?
False
Is 5606 a multiple of 102?
False
Does 10 divide 303?
False
Does 15 divide 1179?
False
Does 78 divide 5018?
False
Does 10 divide 501?
False
Is 533 a multiple of 66?
False
Is 5225 a multiple of 26?
False
Is 40898 a multiple of 242?
True
Is 975 a multiple of 13?
True
Is 1344 a multiple of 9?
False
Is 229 a factor of 1832?
True
Does 10 divide 7282?
False
Is 1634 a multiple of 19?
True
Is 9 a factor of 42249?
False
Is 260 a factor of 8021?
False
Is 14 a factor of 1205?
False
Does 65 divide 4095?
True
Is 9725 a multiple of 240?
False
Is 20109 a multiple of 143?
False
Does 22 divide 374?
True
Is 72 a multiple of 3?
True
Does 87 divide 1305?
True
Is 552 a multiple of 6?
True
Is 126 a factor of 719?
False
Is 11 a factor of 3014?
True
Does 49 divide 45178?
True
Does 17 divide 2876?
False
Is 1053 a multiple of 14?
False
Is 16 a factor of 35661?
False
Does 35 divide 6125?
True
Does 6 divide 161?
False
Is 21 a factor of 16424?
False
Does 8 divide 1512?
True
Is 31 a factor of 341?
True
Is 9795 a multiple of 42?
False
Is 86 a multiple of 4?
False
Is 336 a multiple of 14?
True
Is 187 a multiple of 3?
False
Is 2998 a multiple of 28?
False
Is 3842 a multiple of 27?
False
Does 4 divide 6844?
True
Is 24054 a multiple of 19?
True
Is 23589 a multiple of 10?
False
Is 3257 a multiple of 27?
False
Does 9 divide 1971?
True
Is 9 a factor of 540?
True
Does 12 divide 615?
False
Is 196 a factor of 10675?
False
Does 151 divide 1812?
True
Does 5 divide 1520?
True
Is 13008 a multiple of 191?
False
Is 59 a factor of 20236?
False
Does 18 divide 29772?
True
Is 7314 a multiple of 23?
True
Is 720 a multiple of 6?
True
Is 494 a multiple of 2?
True
Is 621 a multiple of 13?
False
Is 5 a factor of 125?
True
Is 12864 a multiple of 48?
True
Is 12289 a multiple of 64?
False
Is 34 a factor of 1088?
True
Is 80124 a multiple of 66?
True
Is 5440 a multiple of 8?
True
Does 28 divide 420?
True
Is 5 a factor of 164?
False
Does 12 divide 24564?
True
Does 38 divide 760?
True
Is 18 a factor of 5631?
False
Is 15540 a multiple of 5?
True
Is 43 a factor of 504?
False
Does 24 divide 5705?
False
Does 19 divide 266?
True
Is 26 a factor of 208?
True
Is 1378 a multiple of 11?
False
Is 33 a factor of 4315?
False
Is 42 a factor of 7770?
True
Is 676 a multiple of 6?
False
Does 2 divide 15?
False
Does 2 divide 1747?
False
Is 401 a multiple of 8?
False
Does 25 divide 121100?
True
Does 3 divide 135?
True
Does 17 divide 275?
False
Is 6859 a multiple of 32?
False
Does 4 divide 2202?
False
Does 22 divide 33946?
True
Is 41304 a multiple of 24?
True
Does 157 divide 39407?
True
Is 45 a factor of 9032?
False
Is 63 a multiple of 26?
False
Does 20 divide 7220?
True
Is 192 a multiple of 16?
True
Is 11036 a multiple of 33?
False
Does 37 divide 12543?
True
Is 2376 a multiple of 54?
True
Does 7 divide 12880?
True
Is 15634 a multiple of 2?
True
Is 675 a multiple of 18?
False
Is 17 a factor of 23477?
True
Does 77 divide 782?
False
Does 63 divide 58074?
False
Is 1160 a multiple of 29?
True
Does 51 divide 26787?
False
Is 10 a factor of 8360?
True
Does 2 divide 649?
False
Does 5 divide 2702?
False
Does 16 divide 144?
True
Is 19 a factor of 44099?
True
Is 62 a factor of 367?
False
Is 30 a factor of 516?
False
Is 9 a factor of 3492?
True
Is 26105 a multiple of 58?
False
Is 33 a multiple of 2?
False
Is 48 a factor of 2976?
True
Does 322 divide 45080?
True
Is 11 a factor of 1496?
True
Is 9 a factor of 192?
False
Is 44 a multiple of 4?
True
Is 61 a multiple of 3?
False
Is 12 a factor of 26288?
False
Is 18 a factor of 8352?
True
Is 10 a factor of 230?
True
Is 115 a multiple of 5?
True
Is 512 a multiple of 18?
False
Is 9 a factor of 107?
False
Is 19 a factor of 24413?
False
Is 73 a multiple of 23?
False
Is 420 a multiple of 50?
False
Is 379 a multiple of 29?
False
Is 1546 a multiple of 55?
False
Is 17238 a multiple of 6?
True
Does 19 divide 2242?
True
Does 138 divide 54786?
True
Does 118 divide 29201?
False
Is 68 a factor of 9529?
False
Is 248 a multiple of 3?
False
Is 76 a multiple of 9?
False
Is 43 a factor of 4042?
True
Does 17 divide 21?
False
Does 56 divide 2184?
True
Is 79 a factor of 86798?
False
Is 2 a factor of 75?
False
Is 2813 a multiple of 23?
False
Does 20 divide 1680?
True
Is 1350 a multiple of 75?
True
Is 4840 a multiple of 90?
False
Does 18 divide 1330?
False
Is 23 a factor of 1427?
False
Is 1343 a multiple of 79?
True
Is 143 a factor of 2102?
False
Is 50 a factor of 700?
True
Is 1333 a multiple of 7?
False
Does 24 divide 1776?
True
Is 92 a factor of 368?
True
Is 74 a factor of 1036?
True
Is 37 a factor of 105894?
True
Does 49 divide 3221?
False
Is 27 a factor of 7074?
True
Is 19 a factor of 44118?
True
Is 3630 a multiple of 8?
False
Is 1245 a multiple of 3?
True
Is 10467 a multiple of 29?
False
Is 341 a multiple of 20?
False
Is 5 a factor of 3675?
True
Is 2569 a multiple of 2?
False
Is 12 a factor of 2853?
False
Is 16641 a multiple of 11?
False
Does 22 divide 594?
True
Does 20 divide 4380?
True
Is 65 a factor of 780?
True
Is 2 a factor of 131?
False
Does 49 divide 122261?
False
Does 7 divide 577?
False
Does 12 divide 216?
True
Does 86 divide 5160?
True
Is 483 a multiple of 69?
True
Does 10 divide 283?
False
Is 55 a factor of 306?
False
Does 7 divide 1309?
True
Is 20492 a multiple of 236?
False
Is 28526 a multiple of 17?
True
Is 19 a factor o